{"id":4933,"date":"2020-07-07T15:06:42","date_gmt":"2020-07-07T12:06:42","guid":{"rendered":"http:\/\/gulizogretmen.com\/index.php\/yemek-programi-2\/"},"modified":"2020-07-07T15:19:43","modified_gmt":"2020-07-07T12:19:43","slug":"kovid-19","status":"publish","type":"page","link":"http:\/\/gulizogretmen.com\/index.php\/kovid-19\/","title":{"rendered":"Kovid-19"},"content":{"rendered":"<p>[vc_row full_width=&#8221;stretch_row_content_no_spaces&#8221; equal_height=&#8221;yes&#8221; content_placement=&#8221;middle&#8221; css=&#8221;.vc_custom_1476715326705{margin-top: -7px !important;margin-bottom: 7px !important;padding-top: 0px !important;background-color: #fff9f2 !important;}&#8221;][vc_column width=&#8221;1\/2&#8243; css=&#8221;.vc_custom_1594123979283{background-image: url(http:\/\/gulizogretmen.com\/wp-content\/uploads\/2020\/07\/cocuk-saglik-2.jpg?id=4936) !important;background-position: center !important;background-repeat: no-repeat !important;background-size: contain !important;}&#8221; offset=&#8221;vc_col-lg-6 vc_col-md-6 vc_hidden-md vc_hidden-sm vc_hidden-xs&#8221;][stm_spacing lg_spacing=&#8221;200px&#8221;][\/vc_column][vc_column css=&#8221;.vc_custom_1594118741803{padding-top: 15px !important;padding-bottom: 25px !important;padding-left: 10px !important;}&#8221; offset=&#8221;vc_col-lg-6 vc_col-md-12&#8243; el_class=&#8221;max-width-540&#8243;][stm_title page_title_enable=&#8221;true&#8221; title_margin_b=&#8221;28px&#8221;][\/stm_title][vc_column_text css=&#8221;.vc_custom_1594123810408{margin-bottom: 32px !important;}&#8221;]<strong style=\"font-weight: 600;\"><span style=\"display: block; letter-spacing: -0.20px; font-size: 24px;\">Hijyen E\u011fitimi Ve Denetimi<\/span><\/strong>[\/vc_column_text][vc_column_text css=&#8221;.vc_custom_1594123820690{margin-bottom: 28px !important;}&#8221;]<span style=\"display: block; line-height: 28px; font-size: 12pt;\"><strong style=\"font-weight: 600;\"><span style=\"display: block; letter-spacing: -0.2px;\">Hijyenik Okul Sa\u011fl\u0131kl\u0131 \u00c7o\u00e7uklar<\/span><\/strong><\/span>[\/vc_column_text][vc_column_text css=&#8221;.vc_custom_1594123854447{margin-bottom: 41px !important;}&#8221;]Hijyenik bir ortamda g\u00fcler y\u00fczl\u00fc personelimiz, tecr\u00fcbeli \u00f6\u011fretmenlerimiz ile \u00e7ocuklar\u0131m\u0131za sa\u011fl\u0131kl\u0131, g\u00fcvenli ve \u00e7a\u011fda\u015f bir e\u011fitimi, aile ile i\u015fbirli\u011fi ve dayan\u0131\u015fma i\u00e7inde olarak vermektir.<br \/>\nOkulumuzun kap\u0131s\u0131 veli ve misafirlerimize her zaman a\u00e7\u0131kt\u0131r. G\u00fcvenlik nedeniyle, velilerin ve velilerce g\u00f6revlendirilen ki\u015filerin \u00e7ocuklar\u0131 okuldan almak i\u00e7in ya da ba\u015fka bir ama\u00e7la okulu ziyaretleri s\u0131ras\u0131nda temizlik-hijyen ve g\u00fcvenlik amac\u0131yla okul lobisine galo\u015fsuz girmemelerini veya lobi d\u0131\u015f\u0131nda beklemelerini \u00f6nemle rica ediyoruz. \u00d6\u011frencilerimizin yemekleri mutfak g\u00f6revlimiz taraf\u0131ndan, hijyenik ko\u015fullarda okulumuz mutfa\u011f\u0131nda pi\u015firilir.<br \/>\nHer T\u00fcrl\u00fc Sa\u011fl\u0131k Ve Hijyen Konusunda Gerekli \u00d6nlemlerimiz Al\u0131nm\u0131\u015ft\u0131r.[\/vc_column_text][\/vc_column][\/vc_row]<\/p>\n","protected":false},"excerpt":{"rendered":"<p>[vc_row full_width=&#8221;stretch_row_content_no_spaces&#8221; equal_height=&#8221;yes&#8221; content_placement=&#8221;middle&#8221; css=&#8221;.vc_custom_1476715326705{margin-top: -7px !important;margin-bottom: 7px !important;padding-top: 0px !important;background-color: #fff9f2 !important;}&#8221;][vc_column width=&#8221;1\/2&#8243; css=&#8221;.vc_custom_1594123979283{background-image: url(http:\/\/gulizogretmen.com\/wp-content\/uploads\/2020\/07\/cocuk-saglik-2.jpg?id=4936) !important;background-position: center !important;background-repeat: no-repeat !important;background-size: contain !important;}&#8221; offset=&#8221;vc_col-lg-6 vc_col-md-6 vc_hidden-md vc_hidden-sm vc_hidden-xs&#8221;][stm_spacing lg_spacing=&#8221;200px&#8221;][\/vc_column][vc_column css=&#8221;.vc_custom_1594118741803{padding-top: 15px !important;padding-bottom: 25px !important;padding-left: 10px !important;}&#8221; offset=&#8221;vc_col-lg-6 vc_col-md-12&#8243; el_class=&#8221;max-width-540&#8243;][stm_title page_title_enable=&#8221;true&#8221; title_margin_b=&#8221;28px&#8221;][\/stm_title][vc_column_text css=&#8221;.vc_custom_1594123810408{margin-bottom: 32px !important;}&#8221;]Hijyen E\u011fitimi Ve Denetimi[\/vc_column_text][vc_column_text css=&#8221;.vc_custom_1594123820690{margin-bottom: 28px !important;}&#8221;]Hijyenik Okul Sa\u011fl\u0131kl\u0131 \u00c7o\u00e7uklar[\/vc_column_text][vc_column_text css=&#8221;.vc_custom_1594123854447{margin-bottom: 41px [&hellip;]<\/p>\n","protected":false},"author":1,"featured_media":0,"parent":0,"menu_order":0,"comment_status":"closed","ping_status":"closed","template":"","meta":{"footnotes":""},"_links":{"self":[{"href":"http:\/\/gulizogretmen.com\/index.php\/wp-json\/wp\/v2\/pages\/4933"}],"collection":[{"href":"http:\/\/gulizogretmen.com\/index.php\/wp-json\/wp\/v2\/pages"}],"about":[{"href":"http:\/\/gulizogretmen.com\/index.php\/wp-json\/wp\/v2\/types\/page"}],"author":[{"embeddable":true,"href":"http:\/\/gulizogretmen.com\/index.php\/wp-json\/wp\/v2\/users\/1"}],"replies":[{"embeddable":true,"href":"http:\/\/gulizogretmen.com\/index.php\/wp-json\/wp\/v2\/comments?post=4933"}],"version-history":[{"count":11,"href":"http:\/\/gulizogretmen.com\/index.php\/wp-json\/wp\/v2\/pages\/4933\/revisions"}],"predecessor-version":[{"id":4947,"href":"http:\/\/gulizogretmen.com\/index.php\/wp-json\/wp\/v2\/pages\/4933\/revisions\/4947"}],"wp:attachment":[{"href":"http:\/\/gulizogretmen.com\/index.php\/wp-json\/wp\/v2\/media?parent=4933"}],"curies":[{"name":"wp","href":"https:\/\/api.w.org\/{rel}","templated":true}]}}