{"id":4916,"date":"2020-07-07T14:56:33","date_gmt":"2020-07-07T11:56:33","guid":{"rendered":"http:\/\/gulizogretmen.com\/index.php\/typography-2\/"},"modified":"2020-07-08T08:36:10","modified_gmt":"2020-07-08T05:36:10","slug":"egitim-sistemimiz","status":"publish","type":"page","link":"http:\/\/gulizogretmen.com\/index.php\/egitim-sistemimiz\/","title":{"rendered":"Egitim Sistemimiz"},"content":{"rendered":"<p>[vc_row css=&#8221;.vc_custom_1474291045708{margin-bottom: 53px !important;}&#8221;][vc_column][stm_title title_align=&#8221;center&#8221; page_title_enable=&#8221;true&#8221; title_margin_b=&#8221;0px&#8221; title=&#8221;E\u011fitim Sistemimiz&#8221;][\/stm_title][\/vc_column][\/vc_row][vc_row][vc_column width=&#8221;1\/4&#8243;][vc_column_text css=&#8221;.vc_custom_1594123154564{margin-bottom: 22px !important;padding-top: 4px !important;}&#8221;]<\/p>\n<h2>\u0130ngilizce<\/h2>\n<p>[\/vc_column_text][vc_column_text css=&#8221;.vc_custom_1594123170868{margin-bottom: 55px !important;}&#8221;]<\/p>\n<ul>\n<li>G\u00f6steri (Demonstration)<\/li>\n<li>Soru-cevap<\/li>\n<li>Drama ve rol yapma<\/li>\n<li>Benzetim<\/li>\n<li>\u0130kili \u00e7al\u0131\u015fmalar ve grup \u00e7al\u0131\u015fmalar\u0131<\/li>\n<li>Pandomim<\/li>\n<li>Storytelling<\/li>\n<\/ul>\n<p>[\/vc_column_text][\/vc_column][vc_column width=&#8221;3\/4&#8243;][vc_column_text css=&#8221;.vc_custom_1594123235216{margin-bottom: 22px !important;padding-top: 4px !important;}&#8221;]<\/p>\n<h2>Okul \u00d6ncesi \u0130lk\u00f6\u011fretim Haz\u0131rl\u0131k<\/h2>\n<p>[\/vc_column_text][vc_column_text css=&#8221;.vc_custom_1594123288242{margin-bottom: 55px !important;}&#8221;]<\/p>\n<ul>\n<li>G\u00f6rsel Alg\u0131 \u00c7al\u0131\u015fmalar\u0131<\/li>\n<li>\u0130\u015fitsel alg\u0131 \u00e7al\u0131\u015fmalar\u0131 (Fonolojik duyarl\u0131l\u0131k)<\/li>\n<li>Dikkat ve haf\u0131za \u00e7al\u0131\u015fmalar\u0131<\/li>\n<li>Temel kavram \u00e7al\u0131\u015fmalar\u0131<\/li>\n<li>Problem \u00e7\u00f6zme ve tahmin \u00e7al\u0131\u015fmalar\u0131.<\/li>\n<li>Kalem kullanma ve el becerisi \u00e7al\u0131\u015fmalar\u0131<\/li>\n<li>\u00d6zbak\u0131m becerilerini geli\u015ftirme \u00e7al\u0131\u015fmalar\u0131.<\/li>\n<li>G\u00fcven ve ba\u011f\u0131ms\u0131z davran\u0131\u015f geli\u015ftirme \u00e7al\u0131\u015fmalar\u0131.<\/li>\n<li>Sosyal-duygusal olgunluk geli\u015ftirme \u00e7al\u0131\u015fmalar\u0131.<\/li>\n<li>Okuma-yazma fark\u0131ndal\u0131\u011f\u0131 ve motivasyon geli\u015ftirme \u00e7al\u0131\u015fmalar\u0131.<\/li>\n<li>Duyu e\u011fitimi \u00e7al\u0131\u015fmalar\u0131.<\/li>\n<li>Nefes ve ritim \u00e7al\u0131\u015fmalar\u0131<\/li>\n<\/ul>\n<p>[\/vc_column_text][\/vc_column][\/vc_row][vc_row full_width=&#8221;stretch_row_content_no_spaces&#8221; el_class=&#8221;demo-buttons-group&#8221; css=&#8221;.vc_custom_1474370571493{margin-bottom: 62px !important;}&#8221;][vc_column][vc_row_inner][vc_column_inner width=&#8221;2\/12&#8243; css=&#8221;.vc_custom_1474360392557{padding-top: 40px !important;padding-bottom: 20px !important;background-color: #fff9f2 !important;}&#8221;][stm_spacing lg_spacing=&#8221;39px&#8221; md_spacing=&#8221;39px&#8221; sm_spacing=&#8221;0px&#8221; xs_spacing=&#8221;0px&#8221;][stm_btn_simple btn_icon_library=&#8221;stm_icon&#8221; btn_icon_vspace=&#8221;-4px&#8221; btn_icon_hspace=&#8221;19px&#8221; btn_alignment=&#8221;center&#8221; btn_icon_enable=&#8221;true&#8221; btn_link=&#8221;url:%23|||&#8221; btn_link_text=&#8221;Normal State&#8221; btn_icon_stm_icon=&#8221;stm-icon stm-icon-duck&#8221; btn_margin_b=&#8221;20px&#8221;][stm_btn_simple btn_style=&#8221;flat&#8221; btn_icon_library=&#8221;stm_icon&#8221; btn_icon_vspace=&#8221;-4px&#8221; btn_icon_hspace=&#8221;19px&#8221; btn_alignment=&#8221;center&#8221; btn_disabled=&#8221;true&#8221; btn_icon_enable=&#8221;true&#8221; btn_link=&#8221;url:%23|||&#8221; btn_link_text=&#8221;Disabled State&#8221; btn_icon_stm_icon=&#8221;stm-icon stm-icon-duck&#8221; btn_margin_b=&#8221;20px&#8221;][stm_spacing lg_spacing=&#8221;41px&#8221; md_spacing=&#8221;41px&#8221; sm_spacing=&#8221;0px&#8221; xs_spacing=&#8221;0px&#8221;][\/vc_column_inner][vc_column_inner width=&#8221;2\/12&#8243; css=&#8221;.vc_custom_1474360401445{padding-top: 40px !important;padding-bottom: 20px !important;background-color: #fff9f2 !important;}&#8221;][stm_spacing lg_spacing=&#8221;39px&#8221; md_spacing=&#8221;39px&#8221; sm_spacing=&#8221;0px&#8221; xs_spacing=&#8221;0px&#8221;][stm_btn_simple btn_style=&#8221;flat&#8221; btn_icon_library=&#8221;stm_icon&#8221; btn_icon_vspace=&#8221;-4px&#8221; btn_icon_hspace=&#8221;19px&#8221; btn_alignment=&#8221;center&#8221; btn_icon_enable=&#8221;true&#8221; btn_link=&#8221;url:%23|||&#8221; btn_link_text=&#8221;Normal State&#8221; btn_icon_stm_icon=&#8221;stm-icon stm-icon-pony&#8221; btn_margin_b=&#8221;20px&#8221;][stm_btn_simple btn_icon_library=&#8221;stm_icon&#8221; btn_icon_vspace=&#8221;-4px&#8221; btn_icon_hspace=&#8221;19px&#8221; btn_alignment=&#8221;center&#8221; btn_disabled=&#8221;true&#8221; btn_icon_enable=&#8221;true&#8221; btn_link=&#8221;url:%23|||&#8221; btn_link_text=&#8221;Disabled State&#8221; btn_icon_stm_icon=&#8221;stm-icon stm-icon-pony&#8221; btn_margin_b=&#8221;20px&#8221;][stm_spacing lg_spacing=&#8221;41px&#8221; md_spacing=&#8221;41px&#8221; sm_spacing=&#8221;0px&#8221; xs_spacing=&#8221;0px&#8221;][\/vc_column_inner][vc_column_inner width=&#8221;2\/12&#8243; css=&#8221;.vc_custom_1476267522693{padding-top: 40px !important;padding-right: 24px !important;padding-bottom: 60px !important;padding-left: 24px !important;background-color: #fff9f2 !important;}&#8221;][stm_spacing lg_spacing=&#8221;39px&#8221; md_spacing=&#8221;39px&#8221; sm_spacing=&#8221;0px&#8221; xs_spacing=&#8221;0px&#8221;][stm_btn_big btn_icon_position=&#8221;right&#8221; btn_icon_size=&#8221;32px&#8221; btn_icon_enable=&#8221;true&#8221; btn_link=&#8221;url:%23|||&#8221; btn_link_text=&#8221;Write us on Skype&#8221; btn_secondary_text=&#8221;Have a question?&#8221; btn_icon_fontawesome=&#8221;stm-icon stm-icon-skype&#8221; btn_margin_b=&#8221;20px&#8221;][stm_spacing lg_spacing=&#8221;51px&#8221; md_spacing=&#8221;51px&#8221; sm_spacing=&#8221;10px&#8221; xs_spacing=&#8221;0px&#8221;][\/vc_column_inner][vc_column_inner width=&#8221;2\/12&#8243; css=&#8221;.vc_custom_1474360417629{padding-top: 40px !important;padding-bottom: 20px !important;background-color: #ffdd00 !important;}&#8221;][stm_spacing lg_spacing=&#8221;39px&#8221; md_spacing=&#8221;39px&#8221; sm_spacing=&#8221;0px&#8221; xs_spacing=&#8221;0px&#8221;][stm_btn_simple btn_icon_library=&#8221;stm_icon&#8221; btn_icon_vspace=&#8221;-4px&#8221; btn_icon_hspace=&#8221;19px&#8221; btn_alignment=&#8221;center&#8221; btn_icon_enable=&#8221;true&#8221; btn_link=&#8221;url:%23|||&#8221; btn_link_text=&#8221;Normal State&#8221; btn_icon_stm_icon=&#8221;stm-icon stm-icon-bear&#8221; btn_margin_b=&#8221;20px&#8221;][stm_btn_simple btn_icon_library=&#8221;stm_icon&#8221; btn_icon_vspace=&#8221;-4px&#8221; btn_icon_hspace=&#8221;19px&#8221; btn_alignment=&#8221;center&#8221; btn_disabled=&#8221;true&#8221; btn_icon_enable=&#8221;true&#8221; btn_link=&#8221;url:%23|||&#8221; btn_link_text=&#8221;Disabled State&#8221; btn_icon_stm_icon=&#8221;stm-icon stm-icon-bear&#8221; btn_margin_b=&#8221;20px&#8221;][stm_spacing lg_spacing=&#8221;41px&#8221; md_spacing=&#8221;41px&#8221; sm_spacing=&#8221;0px&#8221; xs_spacing=&#8221;0px&#8221;][\/vc_column_inner][vc_column_inner width=&#8221;2\/12&#8243; css=&#8221;.vc_custom_1474360426446{padding-top: 40px !important;padding-bottom: 20px !important;background-color: #ff6682 !important;}&#8221;][stm_spacing lg_spacing=&#8221;39px&#8221; md_spacing=&#8221;39px&#8221; sm_spacing=&#8221;0px&#8221; xs_spacing=&#8221;0px&#8221;][stm_btn_simple btn_color=&#8221;yellow&#8221; btn_icon_vspace=&#8221;-3px&#8221; btn_icon_hspace=&#8221;19px&#8221; btn_alignment=&#8221;center&#8221; btn_icon_enable=&#8221;true&#8221; btn_link_text=&#8221;Normal State&#8221; btn_link=&#8221;url:%23|||&#8221; btn_margin_b=&#8221;20px&#8221; btn_icon_fontawesome=&#8221;stm-icon stm-icon-train&#8221;][stm_btn_simple btn_color=&#8221;yellow&#8221; btn_icon_vspace=&#8221;-3px&#8221; btn_icon_hspace=&#8221;19px&#8221; btn_alignment=&#8221;center&#8221; btn_disabled=&#8221;true&#8221; btn_icon_enable=&#8221;true&#8221; btn_link_text=&#8221;Disabled State&#8221; btn_link=&#8221;url:%23|||&#8221; btn_icon_fontawesome=&#8221;stm-icon stm-icon-train&#8221; btn_margin_b=&#8221;20px&#8221;][stm_spacing lg_spacing=&#8221;41px&#8221; md_spacing=&#8221;41px&#8221; sm_spacing=&#8221;0px&#8221; xs_spacing=&#8221;0px&#8221;][\/vc_column_inner][vc_column_inner width=&#8221;2\/12&#8243; css=&#8221;.vc_custom_1474360434215{padding-top: 40px !important;padding-bottom: 20px !important;background-color: #56509f !important;}&#8221;][stm_spacing lg_spacing=&#8221;39px&#8221; md_spacing=&#8221;39px&#8221; sm_spacing=&#8221;0px&#8221; xs_spacing=&#8221;0px&#8221;][stm_btn_simple btn_style=&#8221;flat&#8221; btn_color=&#8221;yellow&#8221; btn_icon_vspace=&#8221;-3px&#8221; btn_icon_hspace=&#8221;19px&#8221; btn_alignment=&#8221;center&#8221; btn_icon_enable=&#8221;true&#8221; btn_link=&#8221;url:%23|||&#8221; btn_link_text=&#8221;Normal State&#8221; btn_icon_fontawesome=&#8221;stm-icon stm-icon-bird&#8221; btn_margin_b=&#8221;20px&#8221;][stm_btn_simple btn_color=&#8221;yellow&#8221; btn_icon_vspace=&#8221;-3px&#8221; btn_icon_hspace=&#8221;19px&#8221; btn_alignment=&#8221;center&#8221; btn_disabled=&#8221;true&#8221; btn_icon_enable=&#8221;true&#8221; btn_link_text=&#8221;Disabled State&#8221; btn_link=&#8221;url:%23|||&#8221; btn_icon_fontawesome=&#8221;stm-icon stm-icon-bird&#8221; btn_margin_b=&#8221;20px&#8221;][stm_spacing lg_spacing=&#8221;41px&#8221; md_spacing=&#8221;41px&#8221; sm_spacing=&#8221;0px&#8221; xs_spacing=&#8221;0px&#8221;][\/vc_column_inner][\/vc_row_inner][\/vc_column][\/vc_row]<\/p>\n","protected":false},"excerpt":{"rendered":"<p>[vc_row css=&#8221;.vc_custom_1474291045708{margin-bottom: 53px !important;}&#8221;][vc_column][stm_title title_align=&#8221;center&#8221; page_title_enable=&#8221;true&#8221; title_margin_b=&#8221;0px&#8221; title=&#8221;E\u011fitim Sistemimiz&#8221;][\/stm_title][\/vc_column][\/vc_row][vc_row][vc_column width=&#8221;1\/4&#8243;][vc_column_text css=&#8221;.vc_custom_1594123154564{margin-bottom: 22px !important;padding-top: 4px !important;}&#8221;] \u0130ngilizce [\/vc_column_text][vc_column_text css=&#8221;.vc_custom_1594123170868{margin-bottom: 55px !important;}&#8221;] G\u00f6steri (Demonstration) Soru-cevap Drama ve rol yapma Benzetim \u0130kili \u00e7al\u0131\u015fmalar ve grup \u00e7al\u0131\u015fmalar\u0131 Pandomim Storytelling [\/vc_column_text][\/vc_column][vc_column width=&#8221;3\/4&#8243;][vc_column_text css=&#8221;.vc_custom_1594123235216{margin-bottom: 22px !important;padding-top: 4px !important;}&#8221;] Okul \u00d6ncesi \u0130lk\u00f6\u011fretim Haz\u0131rl\u0131k [\/vc_column_text][vc_column_text css=&#8221;.vc_custom_1594123288242{margin-bottom: 55px !important;}&#8221;] G\u00f6rsel Alg\u0131 \u00c7al\u0131\u015fmalar\u0131 \u0130\u015fitsel alg\u0131 [&hellip;]<\/p>\n","protected":false},"author":1,"featured_media":0,"parent":0,"menu_order":0,"comment_status":"closed","ping_status":"closed","template":"","meta":{"footnotes":""},"_links":{"self":[{"href":"http:\/\/gulizogretmen.com\/index.php\/wp-json\/wp\/v2\/pages\/4916"}],"collection":[{"href":"http:\/\/gulizogretmen.com\/index.php\/wp-json\/wp\/v2\/pages"}],"about":[{"href":"http:\/\/gulizogretmen.com\/index.php\/wp-json\/wp\/v2\/types\/page"}],"author":[{"embeddable":true,"href":"http:\/\/gulizogretmen.com\/index.php\/wp-json\/wp\/v2\/users\/1"}],"replies":[{"embeddable":true,"href":"http:\/\/gulizogretmen.com\/index.php\/wp-json\/wp\/v2\/comments?post=4916"}],"version-history":[{"count":9,"href":"http:\/\/gulizogretmen.com\/index.php\/wp-json\/wp\/v2\/pages\/4916\/revisions"}],"predecessor-version":[{"id":4950,"href":"http:\/\/gulizogretmen.com\/index.php\/wp-json\/wp\/v2\/pages\/4916\/revisions\/4950"}],"wp:attachment":[{"href":"http:\/\/gulizogretmen.com\/index.php\/wp-json\/wp\/v2\/media?parent=4916"}],"curies":[{"name":"wp","href":"https:\/\/api.w.org\/{rel}","templated":true}]}}